
-21
Let g(u) = 127*u - 1873. Give g(15).
32
Let u(z) = -z**2 - 20*z + 1029. What is u(-43)?
40
Let n(w) = w**3 - 23*w**2 + 113*w - 25. Calculate n(7).
-18
Let z(b) = -2106*b - 31536. What is z(-15)?
54
Let y(i) = i**3 - 237*i**2 - 248*i + 2385. Give y(238).
5
Let j(v) = 3*v**2 + 15*v - 122. Calculate j(-13).
190
Let i(s) = 31*s - 221. Determine i(6).
-35
Let p(l) = l**3 + 33*l**2 + 105*l - 255. Give p(-29).
64
Let r(m) = -4124*m - 20619. Give r(-5).
1
Let z(h) = 32496*h + 97493. Give z(-3).
5
Let a(x) = 51*x - 2253. What is a(44)?
-9
Let b(n) = -59*n - 828. What is b(-17)?
175
Let o(j) = -35*j + 512. What is o(13)?
57
Let c(q) = 25*q - 244. Determine c(10).
6
Let b(v) = v**2 - 59*v - 3263. Calculate b(-35).
27
Let a(k) = -9*k - 23. What is a(7)?
-86
Let w(s) = s**3 - 28*s**2 - 57*s - 77. Calculate w(30).
13
Let d(u) = -26*u + 127. Give d(-5).
257
Let o(l) = 2*l**2 - 45*l - 126. What is o(23)?
-103
Let v(j) = -130*j - 1190. Give v(-8).
-150
Let q(j) = 119*j - 366. Determine q(3).
-9
Let y(r) = 10*r - 303. Give y(32).
17
Let v(k) = -k**2 + 15*k + 761. Determine v(-20).
61
Let d(j) = -2*j**3 + 59*j**2 + 20*j + 327. Calculate d(30).
27
Let w(q) = -2*q**3 + 282*q**2 - 834*q + 13. Give w(3).
-5
Let d(h) = 41*h**2 + 291*h + 15. Give d(-7).
-13
Let f(d) = 2*d**3 - 8*d**2 - 21*d - 29. What is f(-3)?
-92
Let j(t) = -t**3 + 2*t**2 - 2*t - 18. Give j(6).
-174
Let z(n) = 3*n**3 + 31*n**2 - 27*n - 535. Give z(-5).
0
Let x(v) = -v**2 + 71*v - 681. What is x(54)?
237
Let u(n) = 424*n - 5089. Calculate u(12).
-1
Let u(b) = 10*b**2 + 260*b - 3. Give u(-26).
-3
Let o(z) = 5*z**2 - 61*z + 41. Determine o(15).
251
Let t(v) = -9*v**2 + 5*v + 53. Determine t(-4).
-111
Let d(l) = -2*l**3 + 32*l**2 - 134*l + 48. Calculate d(8).
0
Let v(f) = 46*f - 107. Give v(4).
77
Let y(l) = l**2 + 10263*l + 71784. What is y(-7)?
-8
Let a(p) = -p**3 - 49*p**2 - 218*p - 5. Determine a(-6).
-245
Let w(q) = 207*q**2 - 35*q - 70. Calculate w(-2).
828
Let f(u) = -21*u - 864. Determine f(-39).
-45
Let s(u) = 108*u**2 + 66*u - 3. Calculate s(-2).
297
Let d(b) = b**3 + 9*b**2 - 7*b - 35. What is d(-2)?
7
Let i(r) = r**3 + 11*r**2 - 36*r - 9. What is i(3)?
9
Let x(c) = c**2 + 18*c - 806. What is x(-40)?
74
Let g(a) = a**2 - 23*a + 54. Calculate g(25).
104
Let x(u) = u**3 + 30*u**2 + 191*u - 189. Give x(-20).
-9
Let b(r) = -74*r + 686. Give b(11).
-128
Let p(d) = d**2 - 6*d - 292. Give p(20).
-12
Let y(q) = 369*q - 249. What is y(1)?
120
Let z(p) = p**3 - 40*p**2 + 204*p + 2318. Give z(31).
-7
Let z(a) = 12772*a - 217119. Calculate z(17).
5
Let k(w) = 232*w - 161. Give k(-1).
-393
Let t(f) = -f**3 - 54*f**2 + 166*f - 285. Give t(-57).
0
Let o(r) = -r**3 + 3*r**2 - r + 25. Calculate o(5).
-30
Let m(a) = -a**3 - 8*a**2 + 22*a + 214. Give m(-7).
11
Let v(u) = -60*u - 3757. Calculate v(-62).
-37
Let z(k) = -2*k**3 + 12*k**2 - 17*k + 20. What is z(5)?
-15
Let n(p) = 119*p + 48. Determine n(3).
405
Let m(x) = 34*x - 33. Calculate m(7).
205
Let z(b) = b**3 + 69*b**2 + 490*b - 32. What is z(-61)?
-154
Let x(u) = -131*u**2 + 3408*u - 51. Calculate x(26).
1
Let l(p) = -34*p**3 - p**2 + 5*p - 4. What is l(1)?
-34
Let n(c) = -37*c**2 - 8*c + 13. Calculate n(2).
-151
Let p(w) = w**2 - 29*w + 7. Calculate p(22).
-147
Let w(x) = x**3 - 4*x**2 - 10*x - 19. Determine w(6).
-7
Let k(c) = 45*c + 1608. Determine k(-37).
-57
Let n(l) = -l**3 + 18*l**2 - 15*l - 220. Determine n(16).
52
Let h(i) = 4*i**3 - 35*i**2 - 39*i - 93. Determine h(10).
17
Let o(r) = -448*r - 9. What is o(0)?
-9
Let h(n) = 4*n**3 - 663*n**2 - 165*n - 160. Calculate h(166).
6
Let m(h) = -34*h - 43. Determine m(-2).
25
Let k(m) = m**3 - 5*m**2 - 25*m + 100. Determine k(6).
-14
Let i(x) = -x**3 + 11*x**2 - 33*x + 118. Calculate i(9).
-17
Let v(z) = 14*z**2 + 65*z - 51. Calculate v(-5).
-26
Let w(n) = -n**3 - 9*n**2 - 8*n + 7. Determine w(-8).
7
Let m(k) = 57*k + 1269. Determine m(-22).
15
Let o(b) = -b**3 - 14*b**2 + 10*b - 31. Determine o(-16).
321
Let d(y) = y**2 + 4*y - 1216. Give d(31).
-131
Let d(k) = -4*k**3 - 62*k**2 - 13*k + 232. Give d(-15).
-23
Let u(x) = -x**3 - 101*x**2 - 89*x + 1091. Determine u(-100).
-9
Let c(s) = 10*s**2 - 7*s - 24. Determine c(-5).
261
Let j(i) = i**3 + 20*i**2 + 324*i + 3742. Calculate j(-15).
7
Let l(i) = 6*i + 186. Give l(57).
528
Let j(p) = p**3 + 5*p**2 - 20*p - 89. Calculate j(-8).
-121
Let t(h) = 2*h**2 - 163*h + 90. Calculate t(81).
9
Let f(c) = 40*c + 61. Determine f(-6).
-179
Let t(n) = 2*n**3 - 47*n**2 - 5*n - 511. What is t(24)?
-55
Let g(j) = j**2 - 8*j - 52. Calculate g(12).
-4
Let k(y) = -y**2 + 106*y - 379. Give k(4).
29
Let c(m) = -62*m + 298. What is c(5)?
-12
Let t(b) = 2*b**3 + 9*b**2 - 23*b - 13. Calculate t(-6).
17
Let j(i) = i**3 + 4*i**2 - 10*i + 13. Determine j(-9).
-302
Let x(i) = 103*i**2 - 219*i + 7. Calculate x(2).
-19
Let m(a) = -228*a + 35999. Calculate m(158).
-25
Let u(c) = -85*c - 366. Determine u(-6).
144
Let i(o) = 61*o + 6. Calculate i(-3).
-177
Let h(q) = 5*q**2 - 184*q - 546. Give h(-3).
51
Let h(t) = 9*t + 647. Calculate h(-74).
-19
Let f(l) = 122*l**2 - 21*l + 18. What is f(1)?
119
Let g(t) = 748*t - 20188. Calculate g(27).
8
Let w(i) = i**3 - 35*i**2 + 128*i - 17. What is w(4)?
-1
Let q(v) = 924*v + 1826. What is q(-2)?
-22
Let c(g) = 2*g**3 + 19*g**2 + 27*g - 55. What is c(-6)?
35
Let g(f) = -3*f**2 - 45*f - 28. Calculate g(-8).
140
Let c(k) = -8*k - 902. Calculate c(-72).
-326
Let o(j) = -j**3 - 41*j**2 - 12*j + 9. What is o(0)?
9
Let h(g) = -22*g**2 - 371*g - 25. Give h(-17).
-76
Let q(h) = 64*h - 206. Calculate q(9).
370
Let g(t) = 106*t**2 + 1590*t - 2. Determine g(-15).
-2
Let f(i) = -24*i + 419. Calculate f(0).
419
Let j(t) = -t**3 + 29*t**2 + 247*t + 154. What is j(36)?
-26
Let u(q) = -q**3 - 46*q**2 - 273*q + 12. Determine u(-39).
12
Let r(v) = -26*v - 65. Give r(-12).
247
Let f(o) = 17*o - 461. Determine f(27).
-2
Let v(a) = -2*a**3 - 53*a**2 + 24*a - 97. Determine v(-27).
-16
Let c(i) = -23*i**2 - 2*i + 4. What is c(4)?
-372
Let s(u) = u**3 + 49*u**2 - 335*u + 25. Determine s(6).
-5
Let m(n) = -n**2 - 16*n + 160. Calculate m(-14).
188
Let b(j) = -j**3 + 29*j**2 + 50*j + 1478. Calculate b(32).
6
Let c(a) = 23*a**2 - 2*a - 342. Calculate c(-4).
34
Let h(i) = i**3 + 14*i**2 + 2*i - 131. Determine h(-9).
256
Let d(h) = 6*h**2 - 77*h - 582. Determine d(-7).
251
Let w(n) = -2892*n - 23122. Give w(-8).
14
Let m(p) = 538*p - 11854. Give m(22).
-18
Let d(u) = -81*u + 1671. Calculate d(21).
-30
Let k(s) = 3*s**3 + 382*s**2 + 137*s + 1290. Calculate k(-127).
20
Let y(d) = -d**3 + 42*d**2 - 31*d - 4. Calculate y(41).
406
Let x(z) = 9*z**2 - 1524*z - 1004. Calculate x(170).
16
Let o(k) = -k**3 - 42*k**2 - 109*k + 134. Give o(-39).
-178
Let y(r) = 78*r**2 - 158*r + 8. Determine y(2).
4
Let h(w) = 2*w**3 + 10*w**2 - 4*w + 55. What is h(-6)?
7
Let j(a) = 1221*a - 95247. Determine j(78).
-9
Let r(d) = -d**3 + 18*d**2 + 235*d + 234. What is r(27)?
18
Let t(g) = 596*g + 2407. What is t(-4)?
23
Let r(u) = -2*u**2 - 2*u - 8. Determine r(-8).
-120
Let t(c) = -9*c**2 + 58*c - 20. Give t(9).
-227
Let i(m) = 2*m**2 + 29*m - 549. Calculate i(11).
12
Let f(y) = -3*y**2 + 14*y + 34. Calculate f(-2).
-6
Let q(b) = -3990*b + 402988. Give q(101).
-2
Let s(l) = l**2 - 7*l - 713. Calculate s(-21).
-125
Let i(z) = z**3 + 56*z**2 + 51*z - 191. Calculate i(-55).
29
Let i(h) = -h**3 - 9*h**2 + 213*h + 1777. Give i(-8).
9
Let d(b) = -155*b - 883. What is d(-6)?
47
Let i(h) = -h**3 - 42*h**2 + 83*h - 194. Give i(-44).
26
Let m(w) = 3013*w - 3029. Determine m(1).
-16
Let o(v) = v**3 - 23*v**2 + 65*v - 123. What is o(20)?
-23
Let v(b) = -b**3 + 7*b**2 + 6*b - 11. What is v(6)?
61
Let u(g) = -150*g - 1041. Determine u(-7).
9
Let p(g) = -156*g - 2452. What is p(-16)?
44
Let a(n) = 37*n - 796. Calculate a(21).
-19
Let k(i) = 7*i**3 - 4*i**2 + 17*i + 16. What is k(-5)?
-1044
Let x(a) = 6*a**2 - 212*a + 1422. What is x(9)?
0
Let i(g) = 2*g**2 + 57*g - 226. Give i(-32).
-2
Let r(t) = 14*t + 783. Determine r(-59).
-43
Let x(w) = -w**3 - 15*w**2 - 31*w - 21. Determine x(-12).
-81
Let c(l) = -235*l + 5. Determine c(1).
-230
Let z(s) = -s**3 + s**2 + 8*s - 20. Determine z(0).
-20
Let v(g) = g**2 + 33*g + 13. Give v(-9).
-203
Let m(b) = b**3 - 38*b**2 - 16*b + 601. Give m(38).
-7
Let j(s) = -s**2 - 305. 